
{"id":388,"date":"2018-11-20T15:05:19","date_gmt":"2018-11-20T14:05:19","guid":{"rendered":"https:\/\/przedszkole18.edu.wroclaw.pl\/?page_id=388"},"modified":"2025-10-14T16:04:45","modified_gmt":"2025-10-14T14:04:45","slug":"dokumenty","status":"publish","type":"page","link":"https:\/\/przedszkole18.edu.wroclaw.pl\/index.php\/dokumenty\/","title":{"rendered":"Dokumenty"},"content":{"rendered":"<p>&nbsp;<\/p>\n<p><span style=\"font-size: 14pt;color: #000080\"><strong><img loading=\"lazy\" decoding=\"async\" class=\"alignnone  wp-image-11285 aligncenter\" src=\"https:\/\/przedszkole18.edu.wroclaw.pl\/wp-content\/uploads\/sites\/36\/2024\/08\/1.jpeg\" alt=\"\" width=\"416\" height=\"288\" \/><\/strong><\/span><\/p>\n<p style=\"text-align: center\"><span style=\"color: #0000ff;font-size: 18pt\"><em><strong>Harmonogram planowanych\u00a0 zada\u0144,\u00a0 imprez i uroczysto\u015bci przedszkolnych w roku szkolnym\u00a0 2025 \/ 2026\u00a0<\/strong><\/em><\/span><\/p>\n<table style=\"width: 84.7965%;height: 2640px\">\n<tbody>\n<tr style=\"height: 56px\">\n<td style=\"height: 56px;width: 29.593%\" width=\"284\"><span style=\"font-size: 14pt;color: #800080\"><strong>Termin<\/strong><\/span><\/td>\n<td style=\"height: 56px;width: 96.4708%\" width=\"611\"><span style=\"color: #800080;font-size: 14pt\"><strong>Planowane wydarzenia\u00a0<\/strong><\/span><\/td>\n<\/tr>\n<tr style=\"height: 80px\">\n<td style=\"height: 80px;width: 29.593%\" width=\"284\"><span style=\"color: #008080\"><strong>Wrzesie\u0144 04-10.09.2025 <\/strong><\/span><\/td>\n<td style=\"height: 80px;width: 96.4708%\" width=\"611\"><span style=\"color: #008080\"><strong>Organizacja zebra\u0144 we wszystkich grupach, om\u00f3wienie planu pracy, podstawy programowej, plan wsp\u00f3\u0142pracy z RR.\u00a0\u00a0 <\/strong><\/span><\/td>\n<\/tr>\n<tr style=\"height: 128px\">\n<td style=\"height: 128px;width: 29.593%\" width=\"284\"><span style=\"color: #008080\"><strong>Wrzesie\u0144 22-26.09.2025 <\/strong><\/span><\/td>\n<td style=\"height: 128px;width: 96.4708%\" width=\"611\"><span style=\"color: #008080\"><strong>Dzie\u0144 przedszkolaka \u2013 organizacja w grupach\/wystawy plastyczne\/ zaj\u0119cia z dzie\u0107mi na \u015bwie\u017cym powietrzu organizacja Dnia pustej Sali \u2013 przy sprzyjaj\u0105cych warunkach Wyjazd do Nadle\u015bnictwa Oborniki \u015al\u0105skie \u2013lekcje edukacyjne w naturze. <\/strong><\/span><\/td>\n<\/tr>\n<tr style=\"height: 96px\">\n<td style=\"height: 96px;width: 29.593%\" width=\"284\"><span style=\"color: #008080\"><strong>Wrzesie\u0144 30.09 .2025<\/strong><\/span><\/td>\n<td style=\"height: 96px;width: 96.4708%\" width=\"611\"><span style=\"color: #008080\"><strong>Obchody Dnia ch\u0142opaka w grupach \u2013 zaj\u0119cia planowane przy pomocy RR<\/strong><\/span><\/p>\n<p><span style=\"color: #008080\"><strong>\u00a0<\/strong><\/span><\/td>\n<\/tr>\n<tr style=\"height: 80px\">\n<td style=\"height: 80px;width: 29.593%\" width=\"284\"><span style=\"color: #808000\"><strong>Pa\u017adziernik 14.10.202 <\/strong><\/span><\/td>\n<td style=\"height: 80px;width: 96.4708%\" width=\"611\"><span style=\"color: #808000\"><strong>Dzie\u0144 Edukacji Narodowej \/spotkanie okoliczno\u015bciowe\/ rozmowy i spotkania \u2013 poznaj zaw\u00f3d nauczyciela<\/strong><\/span><\/td>\n<\/tr>\n<tr style=\"height: 56px\">\n<td style=\"height: 56px;width: 29.593%\" width=\"284\"><span style=\"color: #808000\"><strong>Pa\u017adziernik 2025 <\/strong><\/span><\/td>\n<td style=\"height: 56px;width: 96.4708%\" width=\"611\"><span style=\"color: #808000\"><strong>Witaminki dla ch\u0142opczyka i dziewczynki \u2013 jesienny kiermasz smako\u0142yk\u00f3w <\/strong><\/span><\/td>\n<\/tr>\n<tr style=\"height: 56px\">\n<td style=\"height: 56px;width: 29.593%\" width=\"284\"><span style=\"color: #808000\"><strong>Pa\u017adziernik 15.10.2025<\/strong><\/span><\/td>\n<td style=\"height: 56px;width: 96.4708%\" width=\"611\"><span style=\"color: #808000\"><strong>\u015awiatowy dzie\u0144 mycia r\u0105k \u2013 profilaktyka zdrowotna <\/strong><\/span><\/td>\n<\/tr>\n<tr style=\"height: 80px\">\n<td style=\"height: 80px;width: 29.593%\" width=\"284\"><span style=\"color: #808000\"><strong>Pa\u017adziernik 2025<\/strong><\/span><\/td>\n<td style=\"height: 80px;width: 96.4708%\" width=\"611\"><span style=\"color: #808000\"><strong>Podsumowanie obserwacji wst\u0119pnych przekazanie rodzicom dzieci 6 -letnich <\/strong><\/span><\/td>\n<\/tr>\n<tr style=\"height: 80px\">\n<td style=\"height: 80px;width: 29.593%\" width=\"284\"><span style=\"color: #808000\"><strong>Pa\u017adziernik 2025 <\/strong><\/span><\/td>\n<td style=\"height: 80px;width: 96.4708%\" width=\"611\"><span style=\"color: #808000\"><strong>Konkurs przedszkolny \u201eDyniowe cudaki\u201d \u2013 zabawy rodzinne organizacja wystawy w ogrodzie przedszkolnym. <\/strong><\/span><\/td>\n<\/tr>\n<tr style=\"height: 56px\">\n<td style=\"height: 56px;width: 29.593%\" width=\"284\"><span style=\"color: #ff6600\"><strong>Listopad\u00a0 2025 <\/strong><\/span><\/td>\n<td style=\"height: 56px;width: 96.4708%\" width=\"611\"><span style=\"color: #ff6600\"><strong>Spotkania ze Stra\u017c\u0105 Miejsk\u0105 \u201eMini Ratownik\u201d <\/strong><\/span><\/td>\n<\/tr>\n<tr style=\"height: 80px\">\n<td style=\"height: 80px;width: 29.593%\" width=\"284\"><span style=\"color: #ff6600\"><strong>Listopad\u00a0 10.11.2025 <\/strong><\/span><\/td>\n<td style=\"height: 80px;width: 96.4708%\" width=\"611\"><span style=\"color: #ff6600\"><strong>Dzie\u0144 Niepodleg\u0142o\u015bci \u2013 przyst\u0105pienie do akcji \u201eSzko\u0142a do hymnu\u201d &#8211;\u00a0 impreza okoliczno\u015bciowa \u2013 wystawy prac plastycznych .<\/strong><\/span><\/td>\n<\/tr>\n<tr style=\"height: 80px\">\n<td style=\"height: 80px;width: 29.593%\" width=\"284\"><span style=\"color: #ff6600\"><strong>Listopad\u00a0 21.11.2025 <\/strong><\/span><\/td>\n<td style=\"height: 80px;width: 96.4708%\" width=\"611\"><span style=\"color: #ff6600\"><strong>\u201ePod \u017cyczliwym parasolem\u00a0 \u201d\u00a0 impreza okoliczno\u015bciowa z okazji dnia \u017cyczliwo\u015bci\u00a0 wszystkie grupy <\/strong><\/span><\/td>\n<\/tr>\n<tr style=\"height: 96px\">\n<td style=\"height: 96px;width: 29.593%\" width=\"284\"><span style=\"color: #ff6600\"><strong>Listopad 25.11.2025 <\/strong><\/span><\/p>\n<p><span style=\"color: #ff6600\"><strong>\u00a0<\/strong><\/span><\/td>\n<td style=\"height: 96px;width: 96.4708%\" width=\"611\"><span style=\"color: #ff6600\"><strong>\u201e Dzie\u0144 pluszowego misia\u201d \u2013 wystawa prac dzieci , rodzinny konkurs na rymowank\u0119. <\/strong><\/span><\/td>\n<\/tr>\n<tr style=\"height: 96px\">\n<td style=\"height: 96px;width: 29.593%\" width=\"284\"><span style=\"color: #333399\"><strong>Grudzie\u0144 05.12.2025<\/strong><\/span><\/p>\n<p><span style=\"color: #333399\"><strong>\u00a0<\/strong><\/span><\/td>\n<td style=\"height: 96px;width: 96.4708%\" width=\"611\"><span style=\"color: #333399\"><strong>Tradycje i zwyczaje \u015bwi\u0105teczne \/Wizyta Miko\u0142aja, Rada Rodzic\u00f3w <\/strong><\/span><\/td>\n<\/tr>\n<tr style=\"height: 96px\">\n<td style=\"height: 96px;width: 29.593%\" width=\"284\"><span style=\"color: #333399\"><strong>Grudzie\u0144 19.12.2025<\/strong><\/span><\/p>\n<p><span style=\"color: #333399\"><strong>\u00a0<\/strong><\/span><\/td>\n<td style=\"height: 96px;width: 96.4708%\" width=\"611\"><span style=\"color: #333399\"><strong>Uroczysty obiad Wigilijny, spotkanie przy wigilijnym stole,\u00a0\u00a0 koncert kol\u0119d.<\/strong><\/span><\/td>\n<\/tr>\n<tr style=\"height: 96px\">\n<td style=\"height: 96px;width: 29.593%\" width=\"284\"><span style=\"color: #666699\"><strong>Stycze\u0144 2026\u00a0 <\/strong><\/span><\/p>\n<p><span style=\"color: #666699\"><strong>\u00a0<\/strong><\/span><\/td>\n<td style=\"height: 96px;width: 96.4708%\" width=\"611\"><span style=\"color: #666699\"><strong>Zabawa karnawa\u0142owa we\u00a0 wsp\u00f3\u0142pracy z Rada Rodzic\u00f3w <\/strong><\/span><\/td>\n<\/tr>\n<tr style=\"height: 96px\">\n<td style=\"height: 96px;width: 29.593%\" width=\"284\"><span style=\"color: #666699\"><strong>Stycze\u0144 2026<\/strong><\/span><\/p>\n<p><span style=\"color: #666699\"><strong>\u00a0<\/strong><\/span><\/td>\n<td style=\"height: 96px;width: 96.4708%\" width=\"611\"><span style=\"color: #666699\"><strong>Spotkania i uroczysto\u015bci zwi\u0105zane z Dniem Babci i Dziadka imprezy grupowe <\/strong><\/span><\/td>\n<\/tr>\n<tr style=\"height: 80px\">\n<td style=\"height: 80px;width: 29.593%\" width=\"284\"><span style=\"color: #666699\"><strong>Stycze\u0144 2026 <\/strong><\/span><\/td>\n<td style=\"height: 80px;width: 96.4708%\" width=\"611\"><span style=\"color: #666699\"><strong>Podsumowanie I p\u00f3\u0142rocza \u2013 rada plenarna podsumowanie dzia\u0142a\u0144 zrealizowanych za I p\u00f3\u0142rocze wnioski do dalszej pracy <\/strong><\/span><\/td>\n<\/tr>\n<tr style=\"height: 80px\">\n<td style=\"height: 80px;width: 29.593%\" width=\"284\"><span style=\"color: #808000\"><strong>Luty <\/strong><\/span><\/td>\n<td style=\"height: 80px;width: 96.4708%\" width=\"611\"><span style=\"color: #808000\"><strong>Rozbudzanie empatii i wra\u017cliwo\u015bci na potrzeby innych \u2013 organizacja zbi\u00f3rek na rzecz schroniska dla zwierz\u0105t<\/strong><\/span><\/td>\n<\/tr>\n<tr style=\"height: 80px\">\n<td style=\"height: 80px;width: 29.593%\" width=\"284\"><span style=\"color: #808000\"><strong>Luty 2026 <\/strong><\/span><\/td>\n<td style=\"height: 80px;width: 96.4708%\" width=\"611\"><span style=\"color: #808000\"><strong>Dzie\u0144 eksperyment\u00f3w i do\u015bwiadcze\u0144 \u2013 organizacja wyj\u015bcia do Hydropilis\u00a0 przy udziale RR\/ obchody \u015bwiatowego dnia wody\/<\/strong><\/span><\/td>\n<\/tr>\n<tr style=\"height: 56px\">\n<td style=\"height: 56px;width: 29.593%\" width=\"284\"><span style=\"color: #008080\"><strong>Marzec 21.03.2026<\/strong><\/span><\/td>\n<td style=\"height: 56px;width: 96.4708%\" width=\"611\"><span style=\"color: #008080\"><strong>Pierwszy dzie\u0144 wiosny \u2013 ca\u0142a plac\u00f3wka \/ zaj\u0119cia i zabawy w ogrodzie <\/strong><\/span><\/td>\n<\/tr>\n<tr style=\"height: 56px\">\n<td style=\"height: 56px;width: 29.593%\" width=\"284\"><span style=\"color: #008080\"><strong>Marzec 2026<\/strong><\/span><\/td>\n<td style=\"height: 56px;width: 96.4708%\" width=\"611\"><span style=\"color: #008080\"><strong>Dzie\u0144 J\u0119zyka Ojczystego \u2013 przedszkolne zabawy j\u0119zykowe \u2013 konkursy. <\/strong><\/span><\/td>\n<\/tr>\n<tr style=\"height: 104px\">\n<td style=\"height: 104px;width: 29.593%\" width=\"284\"><span style=\"color: #666699\"><strong>Kwiecie\u0144 22.04.2026<\/strong><\/span><\/td>\n<td style=\"height: 104px;width: 96.4708%\" width=\"611\"><span style=\"color: #666699\"><strong>Dzie\u0144 Ziemi \u2013 obchody wsp\u00f3lnie z rodzicami \u2013 dzia\u0142ania zwi\u0105zane z dba\u0142o\u015bci\u0105 o ogr\u00f3d przedszkolny \/ sprz\u0105tanie najbli\u017cszego \u015brodowiska\/wizyta w PSZOK Wroc\u0142aw \u2013 zaj\u0119cia z dzie\u0107mi <\/strong><\/span><\/td>\n<\/tr>\n<tr style=\"height: 80px\">\n<td style=\"height: 80px;width: 29.593%\" width=\"284\"><span style=\"color: #666699\"><strong>Kwiecie\u0144 <\/strong><\/span><\/td>\n<td style=\"height: 80px;width: 96.4708%\" width=\"611\"><span style=\"color: #666699\"><strong>Tradycje i zwyczaje \u015awi\u0105teczne Wielkiej Nocy \u2013 muzeum Etnograficzne \/ poznajemy nasze tradycje\/ spotkania w bibliotece miejskiej<\/strong><\/span><\/td>\n<\/tr>\n<tr style=\"height: 80px\">\n<td style=\"height: 80px;width: 29.593%\" width=\"284\"><span style=\"color: #666699\"><strong>Kwiecie\u0144 15.04.2026 <\/strong><\/span><\/td>\n<td style=\"height: 80px;width: 96.4708%\" width=\"611\"><span style=\"color: #666699\"><strong>Festiwal wiersza i piosenki pod has\u0142em \u201eZdrowie to wa\u017cna rzecz\u201d \u2013 wszystkie grupy\u00a0 <\/strong><\/span><\/td>\n<\/tr>\n<tr style=\"height: 80px\">\n<td style=\"height: 80px;width: 29.593%\" width=\"284\"><span style=\"color: #666699\"><strong>Kwiecie\u0144 30.04.2026<\/strong><\/span><\/td>\n<td style=\"height: 80px;width: 96.4708%\" width=\"611\"><span style=\"color: #666699\"><strong>Przygotowanie i przekazanie rodzicom do 30.04.2025r\u00a0 gotowo\u015bci szkolnej \u2013 zebrania \u2013 konsultacje.<\/strong><\/span><\/td>\n<\/tr>\n<tr style=\"height: 104px\">\n<td style=\"height: 104px;width: 29.593%\" width=\"284\"><span style=\"color: #666699\"><strong>Kwiecie\u0144 \/ maj 2026 <\/strong><\/span><\/td>\n<td style=\"height: 104px;width: 96.4708%\" width=\"611\"><span style=\"color: #666699\"><strong>Wroc\u0142awski Festiwal Ta\u0144cz\u0105cych Przedszkolak\u00f3w- impreza miejska. Tw\u00f3rca i\u00a0 organizator P-18\u00a0\u00a0\u00a0 \/23 edycja \/ udzia\u0142 wszystkich przedszkoli w mie\u015bcie <\/strong><\/span><\/td>\n<\/tr>\n<tr style=\"height: 80px\">\n<td style=\"height: 80px;width: 29.593%\" width=\"284\"><span style=\"color: #008080\"><strong>Maj <\/strong><\/span><\/td>\n<td style=\"height: 80px;width: 96.4708%\" width=\"611\"><span style=\"color: #008080\"><strong>Tradycje i obchody dnia 1 i 3 maja , zorganizowanie wystawy prac, zaj\u0119cia grupowe <\/strong><\/span><\/td>\n<\/tr>\n<tr style=\"height: 56px\">\n<td style=\"height: 56px;width: 29.593%\" width=\"284\"><span style=\"color: #008080\"><strong>Maj 20.05.2026 <\/strong><\/span><\/td>\n<td style=\"height: 56px;width: 96.4708%\" width=\"611\"><span style=\"color: #008080\"><strong>Dbamy o \u015brodowisko \u201eObchody dnia pszczo\u0142y\u201d <\/strong><\/span><\/td>\n<\/tr>\n<tr style=\"height: 104px\">\n<td style=\"height: 104px;width: 29.593%\" width=\"284\"><span style=\"color: #008080\"><strong>Maj 2026 <\/strong><\/span><\/td>\n<td style=\"height: 104px;width: 96.4708%\" width=\"611\"><span style=\"color: #008080\"><strong>Festyn rodzinny pod has\u0142em \u201eRodzinne zabawy w Wiolinku\u201d\u00a0 impreza zwi\u0105zan\u0105 z dniem matki i dzie\u0144 dziecka.\u00a0 Przy udziale\u00a0 w organizacji wydarzenia RR<\/strong><\/span><\/td>\n<\/tr>\n<tr style=\"height: 56px\">\n<td style=\"height: 56px;width: 29.593%\" width=\"284\"><span style=\"color: #800080\"><strong>Czerwiec 2026 <\/strong><\/span><\/td>\n<td style=\"height: 56px;width: 96.4708%\" width=\"611\"><span style=\"color: #800080\"><strong>Spotkania ze Stra\u017c\u0105 Miejsk\u0105 \u2013\u201eBezpieczne wakacje\u201d\u00a0 <\/strong><\/span><\/td>\n<\/tr>\n<tr style=\"height: 80px\">\n<td style=\"height: 80px;width: 29.593%\" width=\"284\"><span style=\"color: #800080\"><strong>Czerwiec <\/strong><\/span><\/td>\n<td style=\"height: 80px;width: 96.4708%\" width=\"611\"><span style=\"color: #800080\"><strong>Zabawy i zaj\u0119cia plastyczne i\u00a0 ruchowe \u2013 przygotowanie wystawy \u201eDzieci ca\u0142ego \u015bwiata\u201d <\/strong><\/span><\/td>\n<\/tr>\n<tr style=\"height: 56px\">\n<td style=\"height: 56px;width: 29.593%\" width=\"284\"><span style=\"color: #800080\"><strong>Czerwiec <\/strong><\/span><\/td>\n<td style=\"height: 56px;width: 96.4708%\" width=\"611\"><span style=\"color: #800080\"><strong>Uroczysto\u015b\u0107\u00a0 po\u017cegnania 6 \u2013 latk\u00f3w, wsp\u00f3lnie z Rad\u0105 Rodzic\u00f3w <\/strong><\/span><\/td>\n<\/tr>\n<\/tbody>\n<\/table>\n<p><strong>\u00a0<\/strong><\/p>\n<p style=\"text-align: center\"><span style=\"color: #008000;font-size: 14pt\"><strong>Propozycja ubezpieczenia NNW na rok szkolny 2025-2026\u00a0<\/strong><\/span><\/p>\n<p style=\"text-align: center\"><span style=\"color: #008000;font-size: 14pt\"><strong>Proponowane ubezpieczenie jest dobrowolne.\u00a0<\/strong><\/span><\/p>\n<p style=\"text-align: center\"><span style=\"color: #008000;font-size: 14pt\">To jednorazowa wp\u0142ata zale\u017cna od wybranego wariantu sumy ubezpieczenia, obowi\u0105zuje na ca\u0142ym \u015bwiecie, 24 godziny na dob\u0119 i trwa do 31.08.2026 roku.<\/span><\/p>\n<p style=\"text-align: center\"><span style=\"color: #008000;font-size: 14pt\">Wszystkie formalno\u015bci wraz z op\u0142at\u0105 realizujemy w kancelarii plac\u00f3wki do <strong>25 wrze\u015bnia 2025r.\u00a0<\/strong><\/span><\/p>\n<p><a href=\"https:\/\/przedszkole18.edu.wroclaw.pl\/wp-content\/uploads\/sites\/36\/2025\/09\/oferta-placowka-ZP44225421_1-PRZEDSZKOLE-NR-18-WIOLINEK.pdf\">oferta plac\u00f3wka ZP44225421_1 PRZEDSZKOLE NR 18 WIOLINEK<\/a><\/p>\n<p><a href=\"https:\/\/przedszkole18.edu.wroclaw.pl\/wp-content\/uploads\/sites\/36\/2025\/09\/oferta-uczen-ZP44226728_1-przedszkole-nr-18-wiolinek-II.pdf\">oferta ucze\u0144 ZP44226728_1 przedszkole nr 18 wiolinek II<\/a><\/p>\n<p><a href=\"https:\/\/przedszkole18.edu.wroclaw.pl\/wp-content\/uploads\/sites\/36\/2025\/09\/Compensa-Oswiata-Karta-IDD-1.pdf\">Compensa O\u015bwiata Karta IDD (1<\/a><\/p>\n<p><a href=\"https:\/\/przedszkole18.edu.wroclaw.pl\/wp-content\/uploads\/sites\/36\/2025\/09\/Compensa-Oswiata-Karta-IDD-1.pdf\">)<\/a><a href=\"https:\/\/przedszkole18.edu.wroclaw.pl\/wp-content\/uploads\/sites\/36\/2025\/09\/OWU_Compensa_Oswiata-1.pdf\">OWU_Compensa_Oswiata (1)<\/a><\/p>\n<p>&nbsp;<\/p>\n<hr \/>\n<p><span style=\"font-size: 14pt;color: #0000ff\"><em><strong>WA\u017bNE DOKUMENT KT\u00d3RE ZNA\u0106 POWINIEN,\u00a0 KA\u017bDY RODZIC W PRZEDSZKOLU NR 18 &#8222;WIOLINEK&#8221;\u00a0<\/strong><\/em><\/span><\/p>\n<p><a href=\"https:\/\/przedszkole18.edu.wroclaw.pl\/wp-content\/uploads\/sites\/36\/2024\/08\/Standardy-ochrony-dzieci-dzieci-w-P-18.pdf\">Standardy ochrony dzieci dzieci w P-18<\/a><\/p>\n<p><a href=\"https:\/\/przedszkole18.edu.wroclaw.pl\/wp-content\/uploads\/sites\/36\/2024\/08\/Polityka-ochrony-dzieci-przed-krzywdzeniem-P-18.pdf\">Polityka ochrony dzieci przed krzywdzeniem P-18<\/a><\/p>\n<hr \/>\n<p>Statut Przedszkola nr 18 &#8222;Wiolinek&#8221; <a href=\"https:\/\/przedszkole18.edu.wroclaw.pl\/wp-content\/uploads\/sites\/36\/2024\/09\/Statut-P-18-wrzesien-2024r.-.doc\">Statut P-18 wrzesie\u0144 2024r.<\/a><\/p>\n<p><span style=\"font-family: georgia, palatino, serif;font-size: 12pt\">Konwencja praw dziecka &#8211; <a href=\"https:\/\/przedszkole18.edu.wroclaw.pl\/wp-content\/uploads\/sites\/36\/2018\/11\/Konwencja_o_Prawach_Dziecka.pdf\" target=\"_blank\" rel=\"noopener noreferrer\">pobierz plik [pdf 132KB]<\/a>\u00a0<\/span><\/p>\n<p><span style=\"font-family: georgia, palatino, serif;font-size: 12pt\">Podstawa programowa wychowania przedszkolnego &#8211; <a href=\"https:\/\/przedszkole18.edu.wroclaw.pl\/wp-content\/uploads\/sites\/36\/2018\/11\/Podstawa-programowa-wychowania-przedszkolnego-dla-przedszkoli-oddzia\u0142\u00f3w-przedszkolnych-w-szko\u0142ach-podstawowych-oraz-innych-form-wychowania-przedszkolnego.pdf\" target=\"_blank\" rel=\"noopener noreferrer\">pobierz plik [pdf 383KB]<\/a><\/span><\/p>\n<p><span style=\"font-family: georgia, palatino, serif;font-size: 12pt\">Procedury bezpiecze\u0144stwa obowi\u0105zuj\u0105ce w przedszkolu nr 18 \u201e Wiolinek\u201d &#8211; <a href=\"https:\/\/przedszkole18.edu.wroclaw.pl\/wp-content\/uploads\/sites\/36\/2018\/11\/procedura-bezpiecznego-przebywania-dzieci-w-przedszkolu-nr-18-wiolinek.pdf\" target=\"_blank\" rel=\"noopener noreferrer\">pobierz plik [pdf 951KB]<\/a><\/span><\/p>\n<p>&nbsp;<\/p>\n<p>&nbsp;<\/p>\n","protected":false},"excerpt":{"rendered":"<p>&nbsp; Harmonogram planowanych\u00a0 zada\u0144,\u00a0 imprez i uroczysto\u015bci przedszkolnych w roku szkolnym\u00a0 2025 \/ 2026\u00a0 Termin Planowane wydarzenia\u00a0 Wrzesie\u0144 04-10.09.2025 Organizacja zebra\u0144 we wszystkich grupach, om\u00f3wienie planu pracy, podstawy programowej, plan [&hellip;]<\/p>\n","protected":false},"author":144,"featured_media":0,"parent":0,"menu_order":0,"comment_status":"closed","ping_status":"closed","template":"","meta":{"ngg_post_thumbnail":0,"footnotes":""},"class_list":["post-388","page","type-page","status-publish","hentry","clearfix"],"_links":{"self":[{"href":"https:\/\/przedszkole18.edu.wroclaw.pl\/index.php\/wp-json\/wp\/v2\/pages\/388","targetHints":{"allow":["GET"]}}],"collection":[{"href":"https:\/\/przedszkole18.edu.wroclaw.pl\/index.php\/wp-json\/wp\/v2\/pages"}],"about":[{"href":"https:\/\/przedszkole18.edu.wroclaw.pl\/index.php\/wp-json\/wp\/v2\/types\/page"}],"author":[{"embeddable":true,"href":"https:\/\/przedszkole18.edu.wroclaw.pl\/index.php\/wp-json\/wp\/v2\/users\/144"}],"replies":[{"embeddable":true,"href":"https:\/\/przedszkole18.edu.wroclaw.pl\/index.php\/wp-json\/wp\/v2\/comments?post=388"}],"version-history":[{"count":42,"href":"https:\/\/przedszkole18.edu.wroclaw.pl\/index.php\/wp-json\/wp\/v2\/pages\/388\/revisions"}],"predecessor-version":[{"id":12817,"href":"https:\/\/przedszkole18.edu.wroclaw.pl\/index.php\/wp-json\/wp\/v2\/pages\/388\/revisions\/12817"}],"wp:attachment":[{"href":"https:\/\/przedszkole18.edu.wroclaw.pl\/index.php\/wp-json\/wp\/v2\/media?parent=388"}],"curies":[{"name":"wp","href":"https:\/\/api.w.org\/{rel}","templated":true}]}}